{"id":11069,"date":"2015-04-03T07:19:04","date_gmt":"2015-04-03T07:19:04","guid":{"rendered":"https:\/\/demo2.chethemes.com\/bethlehem-v1\/?page_id=11"},"modified":"2025-10-23T15:55:48","modified_gmt":"2025-10-23T13:55:48","slug":"home","status":"publish","type":"page","link":"https:\/\/wsdelblag.pl\/","title":{"rendered":"Home v1"},"content":{"rendered":"<p>[vc_row el_class=&#8221;wrap&#8221;][vc_column]\t<div class=\"widget vc_widget_recent_posts type-1 \">\t<h3 class=\"widget-title\">Recent Posts<\/h3>\t<ul class=\"beth-recent-posts\">\n\t\t\t<li>\n\t\t\t<span class=\"posted-on\"> <a href=\"https:\/\/wsdelblag.pl\/?p=12589\" rel=\"bookmark\"><time class=\"entry-date published\" datetime=\"2026-03-15T12:36:32+01:00\">15 marca 2026<\/time><time class=\"updated\" datetime=\"2026-03-17T12:38:00+01:00\" itemprop=\"datePublished\">17 marca 2026<\/time><\/a><\/span>\n\t\t\t\n\t\t\t\t\t\t\t<span class=\"cat-links\">\n\t\t\t\t\t<span class=\"screen-reader-text\">Categories: <\/span><a href=\"https:\/\/wsdelblag.pl\/?cat=1\" rel=\"category\">Bez kategorii<\/a>\t\t\t\t<\/span>\n\t\t\t\n\t\t\t\n\t\t\t\n\t\t\t\t\t<h1 class=\"entry-title\" itemprop=\"name headline\"><a href=\"https:\/\/wsdelblag.pl\/?p=12589\" rel=\"bookmark\">Seminaryjna Droga Krzy\u017cowa po Kalwarii Warmi\u0144skiej w G\u0142otowie<\/a><\/h1><img loading=\"lazy\" decoding=\"async\" width=\"560\" height=\"320\" src=\"https:\/\/wsdelblag.pl\/wp-content\/uploads\/2026\/03\/651704714_1369574225215353_6642440130528380864_n-560x320.jpg\" class=\"attachment-post-thumbnail size-post-thumbnail wp-post-image\" alt=\"\" \/>\t\t<div class=\"entry-content\" itemprop=\"articleBody\">\n\t\t<p>W miniony pi\u0105tek uczestniczyli\u015bmy w Drodze Krzy\u017cowej w Kalwarii Warmi\u0144skiej w G\u0142otowie. By\u0142 to czas skupienia i modlitwy, rozwa\u017caj\u0105c m\u0119k\u0119 i \u015bmier\u0107 Jezusa Chrystusa oraz spotkania z wiernymi, kt\u00f3rzy przybyli, aby razem z nami przej\u015b\u0107 stacje Drogi Krzy\u017cowej. Dzi\u0119kujemy wszystkim za wsp\u00f3ln\u0105 modlitw\u0119 i obecno\u015b\u0107. Niech ten wielkopostny czas prowadzi nas ku g\u0142\u0119bszemu spotkaniu z [&hellip;]<\/p><div class=\"line\"><\/div><a href=\"https:\/\/wsdelblag.pl\/?p=12589\" class=\"hb-more\">Read more<\/a>\t\t<ul class=\"hb-social\">\n\t\t\t\t\t\t\t\t<li class=\"hb-fb\"><a href=\"https:\/\/www.facebook.com\/sharer\/sharer.php?u=https:\/\/wsdelblag.pl\/?p=12589\"><i class=\"fa fa-facebook\"><\/i><\/a><\/li>\n\t\t\t\t\t\t\t\t<li class=\"hb-tw\"><a href=\"https:\/\/twitter.com\/home?status=https:\/\/wsdelblag.pl\/?p=12589\"><i class=\"fa fa-twitter\"><\/i><\/a><\/li>\n\t\t\t\t\t\t\t\t<li class=\"hb-google-plus\"><a href=\"https:\/\/plus.google.com\/share?url=https:\/\/wsdelblag.pl\/?p=12589\"><i class=\"fa fa-google-plus\"><\/i><\/a><\/li>\n\t\t\t\t\t<\/ul>\n\t\t\t\t<\/div><!-- .entry-content -->\n\t\t\t\t<\/li>\n\t\t\t<li>\n\t\t\t<span class=\"posted-on\"> <a href=\"https:\/\/wsdelblag.pl\/?p=12586\" rel=\"bookmark\"><time class=\"entry-date published\" datetime=\"2026-03-14T12:36:06+01:00\">14 marca 2026<\/time><time class=\"updated\" datetime=\"2026-03-17T12:38:12+01:00\" itemprop=\"datePublished\">17 marca 2026<\/time><\/a><\/span>\n\t\t\t\n\t\t\t\t\t\t\t<span class=\"cat-links\">\n\t\t\t\t\t<span class=\"screen-reader-text\">Categories: <\/span><a href=\"https:\/\/wsdelblag.pl\/?cat=131\" rel=\"category\">Aktualno\u015bci<\/a>, <a href=\"https:\/\/wsdelblag.pl\/?cat=12\" rel=\"category\">Wesprzyj nas!<\/a>\t\t\t\t<\/span>\n\t\t\t\n\t\t\t\n\t\t\t\n\t\t\t\t\t<h1 class=\"entry-title\" itemprop=\"name headline\"><a href=\"https:\/\/wsdelblag.pl\/?p=12586\" rel=\"bookmark\">Przeka\u017c 1,5% podatku i wesprzyj formacj\u0119 przysz\u0142ych kap\u0142an\u00f3w<\/a><\/h1><img loading=\"lazy\" decoding=\"async\" width=\"560\" height=\"320\" src=\"https:\/\/wsdelblag.pl\/wp-content\/uploads\/2026\/03\/650840860_1366294225543353_5764883333793116767_n-560x320.jpg\" class=\"attachment-post-thumbnail size-post-thumbnail wp-post-image\" alt=\"\" \/>\t\t<div class=\"entry-content\" itemprop=\"articleBody\">\n\t\t<p>*Przeka\u017c 1,5% podatku i wesprzyj formacj\u0119 przysz\u0142ych kap\u0142an\u00f3w* Mo\u017cesz mie\u0107 realny udzia\u0142 w kszta\u0142towaniu przysz\u0142o\u015bci Ko\u015bcio\u0142a. Przekazuj\u0105c *1,5% swojego podatku* wspierasz *Wy\u017csze Seminarium Duchowne Diecezji Elbl\u0105skiej*, w kt\u00f3rym przygotowuj\u0105 si\u0119 do pos\u0142ugi przyszli kap\u0142ani. Twoje wsparcie pomaga w codziennej formacji alumn\u00f3w \u2013 ich edukacji, rozwoju duchowym oraz przygotowaniu do s\u0142u\u017cby ludziom i Ko\u015bcio\u0142owi. Ka\u017cdy gest [&hellip;]<\/p><div class=\"line\"><\/div><a href=\"https:\/\/wsdelblag.pl\/?p=12586\" class=\"hb-more\">Read more<\/a>\t\t<ul class=\"hb-social\">\n\t\t\t\t\t\t\t\t<li class=\"hb-fb\"><a href=\"https:\/\/www.facebook.com\/sharer\/sharer.php?u=https:\/\/wsdelblag.pl\/?p=12586\"><i class=\"fa fa-facebook\"><\/i><\/a><\/li>\n\t\t\t\t\t\t\t\t<li class=\"hb-tw\"><a href=\"https:\/\/twitter.com\/home?status=https:\/\/wsdelblag.pl\/?p=12586\"><i class=\"fa fa-twitter\"><\/i><\/a><\/li>\n\t\t\t\t\t\t\t\t<li class=\"hb-google-plus\"><a href=\"https:\/\/plus.google.com\/share?url=https:\/\/wsdelblag.pl\/?p=12586\"><i class=\"fa fa-google-plus\"><\/i><\/a><\/li>\n\t\t\t\t\t<\/ul>\n\t\t\t\t<\/div><!-- .entry-content -->\n\t\t\t\t<\/li>\n\t\t\t<li>\n\t\t\t<span class=\"posted-on\"> <a href=\"https:\/\/wsdelblag.pl\/?p=12583\" rel=\"bookmark\"><time class=\"entry-date published\" datetime=\"2026-03-02T12:33:25+01:00\">2 marca 2026<\/time><time class=\"updated\" datetime=\"2026-03-17T12:34:22+01:00\" itemprop=\"datePublished\">17 marca 2026<\/time><\/a><\/span>\n\t\t\t\n\t\t\t\t\t\t\t<span class=\"cat-links\">\n\t\t\t\t\t<span class=\"screen-reader-text\">Categories: <\/span><a href=\"https:\/\/wsdelblag.pl\/?cat=131\" rel=\"category\">Aktualno\u015bci<\/a>\t\t\t\t<\/span>\n\t\t\t\n\t\t\t\n\t\t\t\n\t\t\t\t\t<h1 class=\"entry-title\" itemprop=\"name headline\"><a href=\"https:\/\/wsdelblag.pl\/?p=12583\" rel=\"bookmark\">\u015b.p. ks. pra\u0142at prof. Jan Wi\u015bniewski<\/a><\/h1><img loading=\"lazy\" decoding=\"async\" width=\"560\" height=\"320\" src=\"https:\/\/wsdelblag.pl\/wp-content\/uploads\/2026\/03\/646000710_1334004302090029_7914175624014077121_n-560x320.jpg\" class=\"attachment-post-thumbnail size-post-thumbnail wp-post-image\" alt=\"\" \/>\t\t<div class=\"entry-content\" itemprop=\"articleBody\">\n\t\t<p>Dzi\u015b w nocy zmar\u0142 ks. pra\u0142at prof. Jan Wi\u015bniewski, wieloletni profesor Wy\u017cszego Seminarium Duchownego Diecezji Elbl\u0105skiej. Requiem aeternam dona eis, Domine, et lux perpetua luceat eis. Requiescant in pace. Amen.<\/p><div class=\"line\"><\/div><a href=\"https:\/\/wsdelblag.pl\/?p=12583\" class=\"hb-more\">Read more<\/a>\t\t<ul class=\"hb-social\">\n\t\t\t\t\t\t\t\t<li class=\"hb-fb\"><a href=\"https:\/\/www.facebook.com\/sharer\/sharer.php?u=https:\/\/wsdelblag.pl\/?p=12583\"><i class=\"fa fa-facebook\"><\/i><\/a><\/li>\n\t\t\t\t\t\t\t\t<li class=\"hb-tw\"><a href=\"https:\/\/twitter.com\/home?status=https:\/\/wsdelblag.pl\/?p=12583\"><i class=\"fa fa-twitter\"><\/i><\/a><\/li>\n\t\t\t\t\t\t\t\t<li class=\"hb-google-plus\"><a href=\"https:\/\/plus.google.com\/share?url=https:\/\/wsdelblag.pl\/?p=12583\"><i class=\"fa fa-google-plus\"><\/i><\/a><\/li>\n\t\t\t\t\t<\/ul>\n\t\t\t\t<\/div><!-- .entry-content -->\n\t\t\t\t<\/li>\n\t\t\t<li>\n\t\t\t<span class=\"posted-on\"> <a href=\"https:\/\/wsdelblag.pl\/?p=12580\" rel=\"bookmark\"><time class=\"entry-date published\" datetime=\"2026-02-22T21:32:13+01:00\">22 lutego 2026<\/time><time class=\"updated\" datetime=\"2026-03-17T12:33:09+01:00\" itemprop=\"datePublished\">17 marca 2026<\/time><\/a><\/span>\n\t\t\t\n\t\t\t\t\t\t\t<span class=\"cat-links\">\n\t\t\t\t\t<span class=\"screen-reader-text\">Categories: <\/span><a href=\"https:\/\/wsdelblag.pl\/?cat=131\" rel=\"category\">Aktualno\u015bci<\/a>\t\t\t\t<\/span>\n\t\t\t\n\t\t\t\n\t\t\t\n\t\t\t\t\t<h1 class=\"entry-title\" itemprop=\"name headline\"><a href=\"https:\/\/wsdelblag.pl\/?p=12580\" rel=\"bookmark\">Pos\u0142ugi<\/a><\/h1><img loading=\"lazy\" decoding=\"async\" width=\"560\" height=\"320\" src=\"https:\/\/wsdelblag.pl\/wp-content\/uploads\/2026\/03\/639211296_1352598110246298_2125589099341322183_n-560x320.jpg\" class=\"attachment-post-thumbnail size-post-thumbnail wp-post-image\" alt=\"\" \/>\t\t<div class=\"entry-content\" itemprop=\"articleBody\">\n\t\t<p>Z rado\u015bci\u0105 informujemy, \u017ce dzisiaj w Wy\u017cszym Seminarium Duchownym Metropolii Warmi\u0144skiej &#8220;Hosianum&#8221; w Olsztynie odby\u0142a si\u0119 uroczysto\u015b\u0107 przyj\u0119cia pos\u0142ug lektoratu i akolitatu przez naszych alumn\u00f3w. Mszy \u015awi\u0119tej przewodniczy\u0142 abp J\u00f3zef G\u00f3rzy\u0144ski, Metropolita Warmi\u0144ski. Pos\u0142ug\u0119 lektoratu przyj\u0119li: &#8211; Krzysztof R\u00f3\u017cycki (Wy\u017csze Seminarium Duchowne Diecezji Elbl\u0105skiej) &#8211; Jan S\u0142omkowski (Wy\u017csze Seminarium Duchowne Metropolii Warmi\u0144skiej &#8220;Hosianum&#8221;) &#8211; Karol [&hellip;]<\/p><div class=\"line\"><\/div><a href=\"https:\/\/wsdelblag.pl\/?p=12580\" class=\"hb-more\">Read more<\/a>\t\t<ul class=\"hb-social\">\n\t\t\t\t\t\t\t\t<li class=\"hb-fb\"><a href=\"https:\/\/www.facebook.com\/sharer\/sharer.php?u=https:\/\/wsdelblag.pl\/?p=12580\"><i class=\"fa fa-facebook\"><\/i><\/a><\/li>\n\t\t\t\t\t\t\t\t<li class=\"hb-tw\"><a href=\"https:\/\/twitter.com\/home?status=https:\/\/wsdelblag.pl\/?p=12580\"><i class=\"fa fa-twitter\"><\/i><\/a><\/li>\n\t\t\t\t\t\t\t\t<li class=\"hb-google-plus\"><a href=\"https:\/\/plus.google.com\/share?url=https:\/\/wsdelblag.pl\/?p=12580\"><i class=\"fa fa-google-plus\"><\/i><\/a><\/li>\n\t\t\t\t\t<\/ul>\n\t\t\t\t<\/div><!-- .entry-content -->\n\t\t\t\t<\/li>\n\t\t<\/ul>\n\t<a class=\"archive-link\" href=\"https:\/\/wsdelblag.pl\/?page_id=11070\">Przejd\u017a do aktualno\u015bci...<\/a>\n\t<\/div>\t[vc_btn title=&#8221;Wesprzyj Wy\u017csze Seminarium Duchowne&#8221; style=&#8221;outline-custom&#8221; outline_custom_color=&#8221;#000000&#8243; outline_custom_hover_background=&#8221;#4486bf&#8221; outline_custom_hover_text=&#8221;#ffffff&#8221; shape=&#8221;square&#8221; size=&#8221;lg&#8221; align=&#8221;center&#8221; i_icon_fontawesome=&#8221;fas fa-arrow-circle-right&#8221; css_animation=&#8221;none&#8221; button_block=&#8221;true&#8221; add_icon=&#8221;true&#8221; link=&#8221;url:https%3A%2F%2Fwsdelblag.pl%2F%3Fpage_id%3D12450|title:Wsparcie&#8221;][\/vc_column][\/vc_row][vc_row][vc_column][vc_single_image image=&#8221;10836&#8243; img_size=&#8221;full&#8221; alignment=&#8221;center&#8221; onclick=&#8221;custom_link&#8221; link=&#8221;https:\/\/wsdelblag.pl\/?page_id=10833&#8243;][vc_video link=&#8221;https:\/\/www.youtube.com\/watch?v=Ut0Mm689-fQ&amp;t=254s&#8221; el_width=&#8221;50&#8243; align=&#8221;center&#8221;][\/vc_column][\/vc_row][vc_row gap=&#8221;2&#8243; disable_element=&#8221;yes&#8221; el_class=&#8221;wrap&#8221;][vc_column width=&#8221;1\/2&#8243;][vc_single_image image=&#8221;12153&#8243; img_size=&#8221;large&#8221; onclick=&#8221;custom_link&#8221; img_link_target=&#8221;_blank&#8221; link=&#8221;http:\/\/wsdelblag.pl\/?page_id=11565&#8243;][vc_video link=&#8221;https:\/\/www.youtube.com\/watch?v=Ut0Mm689-fQ&amp;t=254s&#8221;][\/vc_column][vc_column width=&#8221;1\/2&#8243;][vc_single_image image=&#8221;12069&#8243; img_size=&#8221;large&#8221; onclick=&#8221;custom_link&#8221; img_link_target=&#8221;_blank&#8221; link=&#8221;http:\/\/wsdelblag.pl\/?page_id=11552&#8243;][vc_gmaps link=&#8221;#E-8_JTNDaWZyYW1lJTIwc3JjJTNEJTIyaHR0cHMlM0ElMkYlMkZ3d3cuZ29vZ2xlLmNvbSUyRm1hcHMlMkZlbWJlZCUzRnBiJTNEJTIxMW0xOCUyMTFtMTIlMjExbTMlMjExZDE3MDY0LjE3MzE5MjE3MzMxNSUyMTJkMTkuNDAzNTQ5NDgzODU0MjE0JTIxM2Q1NC4xNTcwMzk0OTAxMjYzNjUlMjEybTMlMjExZjAlMjEyZjAlMjEzZjAlMjEzbTIlMjExaTEwMjQlMjEyaTc2OCUyMTRmMTMuMSUyMTNtMyUyMTFtMiUyMTFzMHgwJTI1M0EweDU1ZDUxMGMzNzMwZTk4MTAlMjEyc1d5JTI1QzUlMjVCQ3N6ZSUyNTIwU2VtaW5hcml1bSUyNTIwRHVjaG93bmUlMjUyMHclMjUyMEVsYmwlMjVDNCUyNTg1Z3UlMjE1ZTAlMjEzbTIlMjExc3BsJTIxMnNwbCUyMTR2MTY1MTY2MDI1MDAwMSUyMTVtMiUyMTFzcGwlMjEyc3BsJTIyJTIwd2lkdGglM0QlMjI2MDAlMjIlMjBoZWlnaHQlM0QlMjI0NTAlMjIlMjBzdHlsZSUzRCUyMmJvcmRlciUzQTAlM0IlMjIlMjBhbGxvd2Z1bGxzY3JlZW4lM0QlMjIlMjIlMjBsb2FkaW5nJTNEJTIybGF6eSUyMiUyMHJlZmVycmVycG9saWN5JTNEJTIybm8tcmVmZXJyZXItd2hlbi1kb3duZ3JhZGUlMjIlM0UlM0MlMkZpZnJhbWUlM0U=&#8221; size=&#8221;large&#8221;][\/vc_column][\/vc_row]<\/p>\n","protected":false},"excerpt":{"rendered":"<p>[vc_row el_class=&#8221;wrap&#8221;][vc_column][vc_btn title=&#8221;Wesprzyj Wy\u017csze Seminarium Duchowne&#8221; style=&#8221;outline-custom&#8221; outline_custom_color=&#8221;#000000&#8243; outline_custom_hover_background=&#8221;#4486bf&#8221; outline_custom_hover_text=&#8221;#ffffff&#8221; shape=&#8221;square&#8221; size=&#8221;lg&#8221; align=&#8221;center&#8221; i_icon_fontawesome=&#8221;fas fa-arrow-circle-right&#8221; css_animation=&#8221;none&#8221; button_block=&#8221;true&#8221; add_icon=&#8221;true&#8221; link=&#8221;url:https%3A%2F%2Fwsdelblag.pl%2F%3Fpage_id%3D12450|title:Wsparcie&#8221;][\/vc_column][\/vc_row][vc_row][vc_column][vc_single_image image=&#8221;10836&#8243; img_size=&#8221;full&#8221; alignment=&#8221;center&#8221; onclick=&#8221;custom_link&#8221; link=&#8221;https:\/\/wsdelblag.pl\/?page_id=10833&#8243;][vc_video link=&#8221;https:\/\/www.youtube.com\/watch?v=Ut0Mm689-fQ&amp;t=254s&#8221; el_width=&#8221;50&#8243; align=&#8221;center&#8221;][\/vc_column][\/vc_row][vc_row gap=&#8221;2&#8243; disable_element=&#8221;yes&#8221; el_class=&#8221;wrap&#8221;][vc_column width=&#8221;1\/2&#8243;][vc_single_image image=&#8221;12153&#8243; img_size=&#8221;large&#8221; onclick=&#8221;custom_link&#8221; img_link_target=&#8221;_blank&#8221; link=&#8221;http:\/\/wsdelblag.pl\/?page_id=11565&#8243;][vc_video link=&#8221;https:\/\/www.youtube.com\/watch?v=Ut0Mm689-fQ&amp;t=254s&#8221;][\/vc_column][vc_column width=&#8221;1\/2&#8243;][vc_single_image image=&#8221;12069&#8243; img_size=&#8221;large&#8221; onclick=&#8221;custom_link&#8221; img_link_target=&#8221;_blank&#8221; link=&#8221;http:\/\/wsdelblag.pl\/?page_id=11552&#8243;][vc_gmaps link=&#8221;#E-8_JTNDaWZyYW1lJTIwc3JjJTNEJTIyaHR0cHMlM0ElMkYlMkZ3d3cuZ29vZ2xlLmNvbSUyRm1hcHMlMkZlbWJlZCUzRnBiJTNEJTIxMW0xOCUyMTFtMTIlMjExbTMlMjExZDE3MDY0LjE3MzE5MjE3MzMxNSUyMTJkMTkuNDAzNTQ5NDgzODU0MjE0JTIxM2Q1NC4xNTcwMzk0OTAxMjYzNjUlMjEybTMlMjExZjAlMjEyZjAlMjEzZjAlMjEzbTIlMjExaTEwMjQlMjEyaTc2OCUyMTRmMTMuMSUyMTNtMyUyMTFtMiUyMTFzMHgwJTI1M0EweDU1ZDUxMGMzNzMwZTk4MTAlMjEyc1d5JTI1QzUlMjVCQ3N6ZSUyNTIwU2VtaW5hcml1bSUyNTIwRHVjaG93bmUlMjUyMHclMjUyMEVsYmwlMjVDNCUyNTg1Z3UlMjE1ZTAlMjEzbTIlMjExc3BsJTIxMnNwbCUyMTR2MTY1MTY2MDI1MDAwMSUyMTVtMiUyMTFzcGwlMjEyc3BsJTIyJTIwd2lkdGglM0QlMjI2MDAlMjIlMjBoZWlnaHQlM0QlMjI0NTAlMjIlMjBzdHlsZSUzRCUyMmJvcmRlciUzQTAlM0IlMjIlMjBhbGxvd2Z1bGxzY3JlZW4lM0QlMjIlMjIlMjBsb2FkaW5nJTNEJTIybGF6eSUyMiUyMHJlZmVycmVycG9saWN5JTNEJTIybm8tcmVmZXJyZXItd2hlbi1kb3duZ3JhZGUlMjIlM0UlM0MlMkZpZnJhbWUlM0U=&#8221; size=&#8221;large&#8221;][\/vc_column][\/vc_row]<\/p>\n","protected":false},"author":1,"featured_media":0,"parent":0,"menu_order":0,"comment_status":"closed","ping_status":"closed","template":"template-fullwidth.php","meta":{"ngg_post_thumbnail":0,"footnotes":""},"class_list":["post-11069","page","type-page","status-publish","hentry"],"_links":{"self":[{"href":"https:\/\/wsdelblag.pl\/index.php?rest_route=\/wp\/v2\/pages\/11069","targetHints":{"allow":["GET"]}}],"collection":[{"href":"https:\/\/wsdelblag.pl\/index.php?rest_route=\/wp\/v2\/pages"}],"about":[{"href":"https:\/\/wsdelblag.pl\/index.php?rest_route=\/wp\/v2\/types\/page"}],"author":[{"embeddable":true,"href":"https:\/\/wsdelblag.pl\/index.php?rest_route=\/wp\/v2\/users\/1"}],"replies":[{"embeddable":true,"href":"https:\/\/wsdelblag.pl\/index.php?rest_route=%2Fwp%2Fv2%2Fcomments&post=11069"}],"version-history":[{"count":84,"href":"https:\/\/wsdelblag.pl\/index.php?rest_route=\/wp\/v2\/pages\/11069\/revisions"}],"predecessor-version":[{"id":12523,"href":"https:\/\/wsdelblag.pl\/index.php?rest_route=\/wp\/v2\/pages\/11069\/revisions\/12523"}],"wp:attachment":[{"href":"https:\/\/wsdelblag.pl\/index.php?rest_route=%2Fwp%2Fv2%2Fmedia&parent=11069"}],"curies":[{"name":"wp","href":"https:\/\/api.w.org\/{rel}","templated":true}]}}