{"id":11439,"date":"2021-03-08T12:41:55","date_gmt":"2021-03-08T11:41:55","guid":{"rendered":"http:\/\/wsdelblag.pl\/?page_id=11439"},"modified":"2021-03-22T16:25:54","modified_gmt":"2021-03-22T15:25:54","slug":"kolo-naukowe-pomesania","status":"publish","type":"page","link":"https:\/\/wsdelblag.pl\/?page_id=11439","title":{"rendered":"Ko\u0142o naukowe POMESANIA"},"content":{"rendered":"\n<div class=\"wp-block-image\"><figure class=\"aligncenter size-large is-resized\"><img decoding=\"async\" src=\"http:\/\/wsdelblag.pl\/wp-content\/uploads\/2021\/03\/KN-Pomesania-1024x351.png\" alt=\"\" class=\"wp-image-11709\" width=\"-110\" height=\"-37\" srcset=\"https:\/\/wsdelblag.pl\/wp-content\/uploads\/2021\/03\/KN-Pomesania-1024x351.png 1024w, https:\/\/wsdelblag.pl\/wp-content\/uploads\/2021\/03\/KN-Pomesania-300x103.png 300w, https:\/\/wsdelblag.pl\/wp-content\/uploads\/2021\/03\/KN-Pomesania-768x264.png 768w, https:\/\/wsdelblag.pl\/wp-content\/uploads\/2021\/03\/KN-Pomesania-1536x527.png 1536w, https:\/\/wsdelblag.pl\/wp-content\/uploads\/2021\/03\/KN-Pomesania-2048x703.png 2048w\" sizes=\"(max-width: 1024px) 100vw, 1024px\" \/><\/figure><\/div>\n\n\n\n<p>Jeden z g\u0142\u00f3wnych cel\u00f3w statutowych dzia\u0142alno\u015bci ko\u0142a dzia\u0142aj\u0105cego od roku 2016 w Wy\u017cszym Seminarium Duchownym w Elbl\u0105gu oraz na Wydziale Teologii Uniwersytetu Warmi\u0144sko- Mazurskiego w Olsztynie stanowi &#8220;promowanie wiedzy na temat szeroko poj\u0119tego dziedzictwa kulturowego zar\u00f3wno dawnej Pomezanii jak i wsp\u00f3\u0142cze\u015bnie tworzonego w \u015brodowiskach, kt\u00f3re si\u0119 do niej odwo\u0142uj\u0105&#8221; <\/p>\n\n\n\n<p>Klerycy poprzez swoj\u0105 prac\u0119 w\u0142asn\u0105 w r\u00f3\u017cnych dziedzinach, rozwijaj\u0105c swoje zainteresowania, mog\u0105 bra\u0107 udzia\u0142 w organizowanych przez olszty\u0144sk\u0105 uczelni\u0119 i inne o\u015brodki wiedzy w Polsce wydarzeniach naukowych. <\/p>\n\n\n\n<p>Wed\u0142ug zatwierdzonego przez Rektorat UWM statutu Ko\u0142a, jego walne zgromadzenie mo\u017ce zwr\u00f3ci\u0107 si\u0119 z pro\u015bb\u0105 o przyj\u0119cia honorowego cz\u0142onkostwa tego, &#8220;kto w szczeg\u00f3lny spos\u00f3b zas\u0142u\u017cy\u0142 si\u0119 na polu bada\u0144 naukowych dotycz\u0105cych dziedzictwa kulturowego Pomezanii&#8221;. W zwi\u0105zku z tym w dniu 6 marca 2021 roku walne zgromadzenie Ko\u0142a Naukowego POMESANIA przez aklamacj\u0119 przyj\u0119\u0142o uchwa\u0142\u0119 o nadanie tego tytu\u0142u osobie, kt\u00f3ra jest niezwykle zas\u0142u\u017cona dla bada\u0144 nad histori\u0105 Pomezanii- Ksi\u0119dzu prof. zw. dr. hab. Janowi Wi\u015bniewskiemu. Jest powszechnie znanym autorytetem mi\u0119dzynarodowym w tej dziedzinie, niestrudzonym propagatorem wiedzy na temat Diecezji Pomeza\u0144skiej oraz jej wybitnych osobisto\u015bci i \u015bwi\u0119tych, w szczeg\u00f3lno\u015bci za\u015b b\u0142ogos\u0142awionej Doroty z M\u0105t\u00f3w, wieloletnim wychowawc\u0105 przysz\u0142ych pokole\u0144 kap\u0142an\u00f3w jako wyk\u0142adowca historii Ko\u015bcio\u0142a w elbl\u0105skim seminarium. <\/p>\n\n\n\n<p class=\"has-vivid-red-color has-text-color\">Przewodnicz\u0105cy Ko\u0142a: al. Adam Gapys<\/p>\n\n\n\n<p>Wiceprzewodnicz\u0105cy Ko\u0142a: al. Krzysztof Lewandowski<\/p>\n\n\n\n<p class=\"has-black-color has-text-color\">Sekretarz Ko\u0142a: al. Karol Palczewski<\/p>\n\n\n\n<p>Skarbnik: al. Amadeusz Babiel<\/p>\n","protected":false},"excerpt":{"rendered":"<p>Jeden z g\u0142\u00f3wnych cel\u00f3w statutowych dzia\u0142alno\u015bci ko\u0142a dzia\u0142aj\u0105cego od roku 2016 w Wy\u017cszym Seminarium Duchownym w Elbl\u0105gu oraz na Wydziale Teologii Uniwersytetu Warmi\u0144sko- Mazurskiego w Olsztynie stanowi &#8220;promowanie wiedzy na temat szeroko poj\u0119tego dziedzictwa kulturowego zar\u00f3wno dawnej Pomezanii jak i wsp\u00f3\u0142cze\u015bnie tworzonego w \u015brodowiskach, kt\u00f3re si\u0119 do niej odwo\u0142uj\u0105&#8221; Klerycy poprzez swoj\u0105 prac\u0119 w\u0142asn\u0105 w [&hellip;]<\/p>\n","protected":false},"author":1,"featured_media":0,"parent":0,"menu_order":0,"comment_status":"closed","ping_status":"closed","template":"","meta":{"ngg_post_thumbnail":0,"footnotes":""},"class_list":["post-11439","page","type-page","status-publish","hentry"],"_links":{"self":[{"href":"https:\/\/wsdelblag.pl\/index.php?rest_route=\/wp\/v2\/pages\/11439","targetHints":{"allow":["GET"]}}],"collection":[{"href":"https:\/\/wsdelblag.pl\/index.php?rest_route=\/wp\/v2\/pages"}],"about":[{"href":"https:\/\/wsdelblag.pl\/index.php?rest_route=\/wp\/v2\/types\/page"}],"author":[{"embeddable":true,"href":"https:\/\/wsdelblag.pl\/index.php?rest_route=\/wp\/v2\/users\/1"}],"replies":[{"embeddable":true,"href":"https:\/\/wsdelblag.pl\/index.php?rest_route=%2Fwp%2Fv2%2Fcomments&post=11439"}],"version-history":[{"count":4,"href":"https:\/\/wsdelblag.pl\/index.php?rest_route=\/wp\/v2\/pages\/11439\/revisions"}],"predecessor-version":[{"id":11727,"href":"https:\/\/wsdelblag.pl\/index.php?rest_route=\/wp\/v2\/pages\/11439\/revisions\/11727"}],"wp:attachment":[{"href":"https:\/\/wsdelblag.pl\/index.php?rest_route=%2Fwp%2Fv2%2Fmedia&parent=11439"}],"curies":[{"name":"wp","href":"https:\/\/api.w.org\/{rel}","templated":true}]}}

Koło naukowe POMESANIA

<div class="wp-block-image"><figure class="aligncenter size-large is-resized"><img decoding="async" src="http://wsdelblag.pl/wp-content/uploads/2021/03/KN-Pomesania-1024x351.png" alt="" class="wp-image-11709" width="-110" height="-37" srcset="https://wsdelblag.pl/wp-content/uploads/2021/03/KN-Pomesania-1024x351.png 1024w, https://wsdelblag.pl/wp-content/uploads/2021/03/KN-Pomesania-300x103.png 300w, https://wsdelblag.pl/wp-content/uploads/2021/03/KN-Pomesania-768x264.png 768w, https://wsdelblag.pl/wp-content/uploads/2021/03/KN-Pomesania-1536x527.png 1536w, https://wsdelblag.pl/wp-content/uploads/2021/03/KN-Pomesania-2048x703.png 2048w" sizes="(max-width: 1024px) 100vw, 1024px" /></figure></div>



<p>Jeden z głównych celów statutowych działalności koła działającego od roku 2016 w Wyższym Seminarium Duchownym w Elblągu oraz na Wydziale Teologii Uniwersytetu Warmińsko- Mazurskiego w Olsztynie stanowi &#8220;promowanie wiedzy na temat szeroko pojętego dziedzictwa kulturowego zarówno dawnej Pomezanii jak i współcześnie tworzonego w środowiskach, które się do niej odwołują&#8221; </p>



<p>Klerycy poprzez swoją pracę własną w różnych dziedzinach, rozwijając swoje zainteresowania, mogą brać udział w organizowanych przez olsztyńską uczelnię i inne ośrodki wiedzy w Polsce wydarzeniach naukowych. </p>



<p>Według zatwierdzonego przez Rektorat UWM statutu Koła, jego walne zgromadzenie może zwrócić się z prośbą o przyjęcia honorowego członkostwa tego, &#8220;kto w szczególny sposób zasłużył się na polu badań naukowych dotyczących dziedzictwa kulturowego Pomezanii&#8221;. W związku z tym w dniu 6 marca 2021 roku walne zgromadzenie Koła Naukowego POMESANIA przez aklamację przyjęło uchwałę o nadanie tego tytułu osobie, która jest niezwykle zasłużona dla badań nad historią Pomezanii- Księdzu prof. zw. dr. hab. Janowi Wiśniewskiemu. Jest powszechnie znanym autorytetem międzynarodowym w tej dziedzinie, niestrudzonym propagatorem wiedzy na temat Diecezji Pomezańskiej oraz jej wybitnych osobistości i świętych, w szczególności zaś błogosławionej Doroty z Mątów, wieloletnim wychowawcą przyszłych pokoleń kapłanów jako wykładowca historii Kościoła w elbląskim seminarium. </p>



<p class="has-vivid-red-color has-text-color">Przewodniczący Koła: al. Adam Gapys</p>



<p>Wiceprzewodniczący Koła: al. Krzysztof Lewandowski</p>



<p class="has-black-color has-text-color">Sekretarz Koła: al. Karol Palczewski</p>



<p>Skarbnik: al. Amadeusz Babiel</p>

<p>Jeden z głównych celów statutowych działalności koła działającego od roku 2016 w Wyższym Seminarium Duchownym w Elblągu oraz na Wydziale Teologii Uniwersytetu Warmińsko- Mazurskiego w Olsztynie stanowi &#8220;promowanie wiedzy na temat szeroko pojętego dziedzictwa kulturowego zarówno dawnej Pomezanii jak i współcześnie tworzonego w środowiskach, które się do niej odwołują&#8221; Klerycy poprzez swoją pracę własną w [&hellip;]</p>
