{"id":12450,"date":"2025-04-23T16:06:34","date_gmt":"2025-04-23T14:06:34","guid":{"rendered":"https:\/\/wsdelblag.pl\/?page_id=12450"},"modified":"2025-05-06T14:43:42","modified_gmt":"2025-05-06T12:43:42","slug":"wsparcie-2","status":"publish","type":"page","link":"https:\/\/wsdelblag.pl\/?page_id=12450","title":{"rendered":"Wsparcie"},"content":{"rendered":"<h3 class=\"\" style=\"text-align: center;\" data-start=\"225\" data-end=\"266\">Wesprzyj Wy\u017csze Seminarium Duchowne<\/h3>\n<p class=\"\" style=\"text-align: center;\" data-start=\"267\" data-end=\"318\">Zosta\u0144 cz\u0119\u015bci\u0105 dzie\u0142a formacji przysz\u0142ych kap\u0142an\u00f3w!<\/p>\n<p class=\"\" style=\"text-align: center;\" data-start=\"320\" data-end=\"540\">Drodzy Przyjaciele,<br data-start=\"339\" data-end=\"342\">je\u015bli pragniecie wesprze\u0107 duchow\u0105 i intelektualn\u0105 formacj\u0119 kleryk\u00f3w naszego Wy\u017cszego Seminarium Duchownego, udost\u0119pniamy wygodn\u0105 form\u0119 przekazania darowizny online poprzez system p\u0142atno\u015bci <strong data-start=\"531\" data-end=\"539\">TPAY<\/strong>.<\/p>\n<p class=\"\" style=\"text-align: center;\" data-start=\"542\" data-end=\"665\">Ka\u017cda ofiara, nawet najmniejsza, to realna pomoc w codziennym funkcjonowaniu seminarium<br \/>\ni inwestycja w przysz\u0142o\u015b\u0107 Ko\u015bcio\u0142a.<\/p>\n<p class=\"\" style=\"text-align: center;\" data-start=\"754\" data-end=\"834\">Za ka\u017cd\u0105 modlitw\u0119, dobre s\u0142owo i wsparcie materialne \u2013 <strong data-start=\"809\" data-end=\"834\">serdeczne B\u00f3g zap\u0142a\u0107!<\/strong><\/p>\n<p><div class=\"fmp-protect-box\" data-post-id=\"12450\" data-service-id=\"1\"><div class=\"fmp-loader\"><\/div><div class=\"fmp-status\" data-post-id=\"12450\" data-service-id=\"1\"><\/div><form action=\"https:\/\/secure.transferuj.pl\" method=\"post\"><h4> Darowizna na\u00a0cele\u00a0statutowe WSD Elbl\u0105g <\/h4>\r\n<input type=\"text\" class=\"fmp-code\" data-post-id=\"12450\" data-service-id=\"1\" placeholder=\"Podaj email\" data-type=\"email\"><input type=\"text\" class=\"fmp-donation\" data-post-id=\"12450\" data-service-id=\"1\" placeholder=\"Podaj kwot\u0119 dotacji\" value=\"\">\n            <div class=\"fmp-invoice-details\">\n                <div class=\"fmp-invoice-data-info\"><input type=\"text\" placeholder=\"Imi\u0119\" name=\"invoice[firstname]\" class=\"fmp-required\"><input type=\"text\" placeholder=\"Nazwisko\" name=\"invoice[lastname]\" class=\"fmp-required\"><\/div>\n                <div class=\"fmp-invoice-data-info\"><input type=\"text\" placeholder=\"Ulica\" name=\"invoice[street]\" class=\"fmp-required\"><input type=\"text\" name=\"invoice[street_n1]\" class=\"fmp-required\"><span class=\"fmp-separator\">\/<\/span><input type=\"text\" name=\"invoice[street_n2]\"><\/div>\n                <div class=\"fmp-invoice-data-info\"><input type=\"text\" placeholder=\"Miasto\" name=\"invoice[city]\" class=\"fmp-required\"><input type=\"text\" placeholder=\"Kod pocztowy\" name=\"invoice[postcode]\" class=\"fmp-required\"><\/div>\n                <div class=\"fmp-invoice-data-info\"><input type=\"text\" placeholder=\"NIP\" name=\"invoice[nip]\"><\/div>\n                <input type=\"hidden\" name=\"step\" value=\"1\" \/>\n            <\/div>\n         <span class=\"fmp-submit\" data-post-id=\"12450\" data-service-id=\"1\">Dalej<\/span><\/form><\/div><\/p>\n","protected":false},"excerpt":{"rendered":"<p>Wesprzyj Wy\u017csze Seminarium Duchowne Zosta\u0144 cz\u0119\u015bci\u0105 dzie\u0142a formacji przysz\u0142ych kap\u0142an\u00f3w! Drodzy Przyjaciele,je\u015bli pragniecie wesprze\u0107 duchow\u0105 i intelektualn\u0105 formacj\u0119 kleryk\u00f3w naszego Wy\u017cszego Seminarium Duchownego, udost\u0119pniamy wygodn\u0105 form\u0119 przekazania darowizny online poprzez system p\u0142atno\u015bci TPAY. Ka\u017cda ofiara, nawet najmniejsza, to realna pomoc w codziennym funkcjonowaniu seminarium i inwestycja w przysz\u0142o\u015b\u0107 Ko\u015bcio\u0142a. Za ka\u017cd\u0105 modlitw\u0119, dobre s\u0142owo i [&hellip;]<\/p>\n","protected":false},"author":1,"featured_media":0,"parent":0,"menu_order":0,"comment_status":"closed","ping_status":"closed","template":"","meta":{"ngg_post_thumbnail":0,"footnotes":""},"class_list":["post-12450","page","type-page","status-publish","hentry"],"_links":{"self":[{"href":"https:\/\/wsdelblag.pl\/index.php?rest_route=\/wp\/v2\/pages\/12450","targetHints":{"allow":["GET"]}}],"collection":[{"href":"https:\/\/wsdelblag.pl\/index.php?rest_route=\/wp\/v2\/pages"}],"about":[{"href":"https:\/\/wsdelblag.pl\/index.php?rest_route=\/wp\/v2\/types\/page"}],"author":[{"embeddable":true,"href":"https:\/\/wsdelblag.pl\/index.php?rest_route=\/wp\/v2\/users\/1"}],"replies":[{"embeddable":true,"href":"https:\/\/wsdelblag.pl\/index.php?rest_route=%2Fwp%2Fv2%2Fcomments&post=12450"}],"version-history":[{"count":6,"href":"https:\/\/wsdelblag.pl\/index.php?rest_route=\/wp\/v2\/pages\/12450\/revisions"}],"predecessor-version":[{"id":12461,"href":"https:\/\/wsdelblag.pl\/index.php?rest_route=\/wp\/v2\/pages\/12450\/revisions\/12461"}],"wp:attachment":[{"href":"https:\/\/wsdelblag.pl\/index.php?rest_route=%2Fwp%2Fv2%2Fmedia&parent=12450"}],"curies":[{"name":"wp","href":"https:\/\/api.w.org\/{rel}","templated":true}]}}