{"id":23,"date":"2014-09-09T16:17:41","date_gmt":"2014-09-09T14:17:41","guid":{"rendered":"https:\/\/wsdelblag.pl\/myslnik\/?page_id=23"},"modified":"2016-03-13T16:27:07","modified_gmt":"2016-03-13T15:27:07","slug":"o-myslniku","status":"publish","type":"page","link":"https:\/\/wsdelblag.pl\/myslnik\/?page_id=23","title":{"rendered":"O My\u015blniku"},"content":{"rendered":"<p style=\"text-align: justify;\"><img loading=\"lazy\" decoding=\"async\" class=\"aligncenter wp-image-178 size-medium\" src=\"http:\/\/wsdelblag.pl\/myslnik\/wp-content\/uploads\/2014\/09\/logo_pod_spodem_kolor-2-300x100.png\" srcset=\"http:\/\/wsdelblag.pl\/myslnik\/wp-content\/uploads\/2014\/09\/logo_pod_spodem_kolor-2-300x100.png 300w, http:\/\/wsdelblag.pl\/myslnik\/wp-content\/uploads\/2014\/09\/logo_pod_spodem_kolor-2-768x255.png 768w, http:\/\/wsdelblag.pl\/myslnik\/wp-content\/uploads\/2014\/09\/logo_pod_spodem_kolor-2-1024x340.png 1024w, http:\/\/wsdelblag.pl\/myslnik\/wp-content\/uploads\/2014\/09\/logo_pod_spodem_kolor-2.png 1067w\" alt=\"\" width=\"300\" height=\"100\" sizes=\"(max-width: 300px) 100vw, 300px\" \/><\/p>\r\n&nbsp;\r\n<p style=\"text-align: justify;\">Pocz\u0105tki pisma by\u0142y bardzo skromne. <span style=\"color: #f3bd00;\"><strong><em>My\u015blnik Klerycki<\/em><\/strong><\/span> by\u0142 publikowany od 1994 r. jako pismo wewn\u0105trzseminaryjne. Pierwsze trzy numery by\u0142y wydawane w wi\u0119kszym formacie. Dopiero od 4 numeru, wydanego jako numer na inauguracje roku akademickiego 1995\/1996 przyj\u0119to format zeszytowy A5 i do tego formatu przez ostatnich kilka lat mogli\u015bmy przywykn\u0105\u0107. P\u00f3\u017aniej, w latach 1999 \u2013 2001, powr\u00f3cono do wydawania pisma w formacie B5 (do kt\u00f3rego powr\u00f3cili\u015bmy przy okazji 50 &#8211; tego\u00a0jubileuszowego wydania <em><span style=\"color: #f3bd00;\"><strong>My\u015blnika<\/strong><\/span>)<\/em>.<\/p>\r\n<p style=\"text-align: justify;\">Ta wewn\u0105trzwsp\u00f3lnotowa gazetka przechodzi\u0142a ju\u017c u pocz\u0105tku burze odno\u015bnie swojej nazwy. Pojawi\u0142a si\u0119 inicjatywa zmiany tytu\u0142u <span style=\"color: #f3bd00;\"><strong><em>My\u015blnika Kleryckiego<\/em><\/strong><\/span> na <em>T.A.K. \u2013 Tw\u00f3j Ambitny Kurier<\/em>. Na szcz\u0119\u015bcie nazwa nie zosta\u0142a zmieniona i nadal nasze pismo wydawane jest pod pierwotn\u0105, tradycyjn\u0105 i ju\u017c ugruntowan\u0105 nazw\u0105. Pierwsze numery drukowane by\u0142y w odcieniach bieli i czerni, za\u015b pierwsza kolorowa ok\u0142adka pojawi\u0142a si\u0119 dopiero w 2000 r. Od 2013 roku &#8211; precyzuj\u0105c od wydania jubileuszowego &#8211; ca\u0142y <span style=\"color: #f3bd00;\"><em><strong>My\u015blnik<\/strong><\/em> <\/span>drukowany jest w kolorze.<\/p>\r\n<p style=\"text-align: justify;\">Pierwsze numery pojawia\u0142y si\u0119 bardzo nieregularnie, dzi\u015b staramy si\u0119, aby <span style=\"color: #f3bd00;\"><strong><em>My\u015blnik<\/em> <\/strong><\/span>by\u0142 wydawany przy okazji nast\u0119puj\u0105cych uroczysto\u015bci:<\/p>\r\n<p style=\"text-align: justify;\">1. numer zimowy \u2013 na seminaryjne uroczysto\u015bci odpustowe ku czci Niepokalanego Pocz\u0119cia Naj\u015bwi\u0119tszej Maryi Panny, rozprowadzany w parafiach w okresie bo\u017conarodzeniowej przerwy \u015bwi\u0105tecznej;<\/p>\r\n<p style=\"text-align: justify;\">2. numer wiosenny \u2013 wydany i rozprowadzany w okresie \u015awi\u0105t Wielkanocnych,<\/p>\r\n<p style=\"text-align: justify;\">3. numer wakacyjny \u2013 wydawany na uroczysto\u015bci \u015bwi\u0119ce\u0144 prezbiteratu i diakonatu, a rozprowadzany przez kleryk\u00f3w w okresie wakacji.<\/p>\r\n<p style=\"text-align: justify;\">Z biegiem czasu zmienia\u0142 si\u0119 nie tylko format, ale i nak\u0142ad naszego pisma. Kiedy przeznaczone by\u0142o ono wy\u0142\u0105cznie dla prze\u0142o\u017conych, wyk\u0142adowc\u00f3w i kleryk\u00f3w osi\u0105ga\u0142o nak\u0142ad 100 egzemplarzy. Dzisiaj nasz nak\u0142ad ustabilizowa\u0142 si\u0119 na poziomie 1200 sztuk, cho\u0107 bywa\u0142y numery, kt\u00f3re zosta\u0142y rozprowadzone nawet w liczbie 1500 egzemplarzy. Pismo mo\u017cna naby\u0107 za dowoln\u0105 ofiar\u0119 w parafiach Diecezji Elbl\u0105skiej, z kt\u00f3rych pochodz\u0105 autorzy artyku\u0142\u00f3w. Jest to oko\u0142o 15 parafii. Ofiary, kt\u00f3re zostaj\u0105 zebrane podczas sprzeda\u017cy przeznaczone s\u0105 w wi\u0119kszo\u015bci na pokrycie koszt\u00f3w wydruku i wsparcie akcji charytatywnych, b\u0105d\u017a innych dzia\u0142a\u0144 wewn\u0105trzseminaryjnych.<\/p>\r\n<p style=\"text-align: justify;\">Praca redakcyjna buduje wi\u0119zy mi\u0119dzy cz\u0142onkami redakcji i wsp\u00f3\u0142pracownikami pisz\u0105cymi artyku\u0142y, b\u0105d\u017a w jakikolwiek inny spos\u00f3b przyczyniaj\u0105 si\u0119 do powstania kolejnych numer\u00f3w <span style=\"color: #f3bd00;\"><strong><em>My\u015blnika Kleryckiego<\/em><\/strong><\/span>. Uczy nas odpowiedzialno\u015bci, pozwala rozwija\u0107 swoje zainteresowania i wiedz\u0119. My\u015blnik zosta\u0142 za\u0142o\u017cony przez kleryk\u00f3w i wy\u0142\u0105cznie dzi\u0119ki ich aktywno\u015bci, w przesz\u0142o\u015bci jak i dzisiaj, mog\u0105 by\u0107 wydawane kolejne numery. Jeste\u015bmy bardzo wdzi\u0119czni naszym poprzednikom i zapewniamy ich o naszej modlitwie.<\/p>","protected":false},"excerpt":{"rendered":"<p>&nbsp; Pocz\u0105tki pisma by\u0142y bardzo skromne. My\u015blnik Klerycki by\u0142 publikowany od 1994 r. jako pismo wewn\u0105trzseminaryjne. Pierwsze trzy numery by\u0142y wydawane w wi\u0119kszym formacie. Dopiero od 4 numeru, wydanego jako numer na inauguracje roku akademickiego 1995\/1996 przyj\u0119to format zeszytowy A5 i do tego formatu przez ostatnich kilka lat mogli\u015bmy przywykn\u0105\u0107. [&hellip;]<\/p>\n","protected":false},"author":1,"featured_media":0,"parent":0,"menu_order":0,"comment_status":"closed","ping_status":"closed","template":"","meta":{"ngg_post_thumbnail":0,"footnotes":""},"yoast_head":"<!-- This site is optimized with the Yoast SEO plugin v17.5 - https:\/\/yoast.com\/wordpress\/plugins\/seo\/ -->\n<title>O My\u015blniku - My\u015blnik Klerycki<\/title>\n<meta name=\"robots\" content=\"index, follow, max-snippet:-1, max-image-preview:large, max-video-preview:-1\" \/>\n<link rel=\"canonical\" href=\"https:\/\/wsdelblag.pl\/myslnik\/?page_id=23\" \/>\n<meta property=\"og:locale\" content=\"pl_PL\" \/>\n<meta property=\"og:type\" content=\"article\" \/>\n<meta property=\"og:title\" content=\"O My\u015blniku - My\u015blnik Klerycki\" \/>\n<meta property=\"og:description\" content=\"&nbsp; Pocz\u0105tki pisma by\u0142y bardzo skromne. My\u015blnik Klerycki by\u0142 publikowany od 1994 r. jako pismo wewn\u0105trzseminaryjne. Pierwsze trzy numery by\u0142y wydawane w wi\u0119kszym formacie. Dopiero od 4 numeru, wydanego jako numer na inauguracje roku akademickiego 1995\/1996 przyj\u0119to format zeszytowy A5 i do tego formatu przez ostatnich kilka lat mogli\u015bmy przywykn\u0105\u0107. [&hellip;]\" \/>\n<meta property=\"og:url\" content=\"https:\/\/wsdelblag.pl\/myslnik\/?page_id=23\" \/>\n<meta property=\"og:site_name\" content=\"My\u015blnik Klerycki\" \/>\n<meta property=\"article:modified_time\" content=\"2016-03-13T15:27:07+00:00\" \/>\n<meta property=\"og:image\" content=\"http:\/\/wsdelblag.pl\/myslnik\/wp-content\/uploads\/2014\/09\/logo_pod_spodem_kolor-2-300x100.png\" \/>\n<meta name=\"twitter:card\" content=\"summary\" \/>\n<meta name=\"twitter:label1\" content=\"Szacowany czas czytania\" \/>\n\t<meta name=\"twitter:data1\" content=\"2 minuty\" \/>\n<script type=\"application\/ld+json\" class=\"yoast-schema-graph\">{\"@context\":\"https:\/\/schema.org\",\"@graph\":[{\"@type\":\"WebSite\",\"@id\":\"https:\/\/wsdelblag.pl\/myslnik\/#website\",\"url\":\"https:\/\/wsdelblag.pl\/myslnik\/\",\"name\":\"My\\u015blnik Klerycki\",\"description\":\"Pismo alumn\\u00f3w Wy\\u017cszego Seminarium Duchownego w Elbl\\u0105gu\",\"potentialAction\":[{\"@type\":\"SearchAction\",\"target\":{\"@type\":\"EntryPoint\",\"urlTemplate\":\"https:\/\/wsdelblag.pl\/myslnik\/?s={search_term_string}\"},\"query-input\":\"required name=search_term_string\"}],\"inLanguage\":\"pl-PL\"},{\"@type\":\"ImageObject\",\"@id\":\"https:\/\/wsdelblag.pl\/myslnik\/?page_id=23#primaryimage\",\"inLanguage\":\"pl-PL\",\"url\":\"http:\/\/wsdelblag.pl\/myslnik\/wp-content\/uploads\/2014\/09\/logo_pod_spodem_kolor-2-300x100.png\",\"contentUrl\":\"http:\/\/wsdelblag.pl\/myslnik\/wp-content\/uploads\/2014\/09\/logo_pod_spodem_kolor-2-300x100.png\"},{\"@type\":\"WebPage\",\"@id\":\"https:\/\/wsdelblag.pl\/myslnik\/?page_id=23#webpage\",\"url\":\"https:\/\/wsdelblag.pl\/myslnik\/?page_id=23\",\"name\":\"O My\\u015blniku - My\\u015blnik Klerycki\",\"isPartOf\":{\"@id\":\"https:\/\/wsdelblag.pl\/myslnik\/#website\"},\"primaryImageOfPage\":{\"@id\":\"https:\/\/wsdelblag.pl\/myslnik\/?page_id=23#primaryimage\"},\"datePublished\":\"2014-09-09T14:17:41+00:00\",\"dateModified\":\"2016-03-13T15:27:07+00:00\",\"breadcrumb\":{\"@id\":\"https:\/\/wsdelblag.pl\/myslnik\/?page_id=23#breadcrumb\"},\"inLanguage\":\"pl-PL\",\"potentialAction\":[{\"@type\":\"ReadAction\",\"target\":[\"https:\/\/wsdelblag.pl\/myslnik\/?page_id=23\"]}]},{\"@type\":\"BreadcrumbList\",\"@id\":\"https:\/\/wsdelblag.pl\/myslnik\/?page_id=23#breadcrumb\",\"itemListElement\":[{\"@type\":\"ListItem\",\"position\":1,\"name\":\"Strona g\\u0142\\u00f3wna\",\"item\":\"https:\/\/wsdelblag.pl\/myslnik\"},{\"@type\":\"ListItem\",\"position\":2,\"name\":\"O My\\u015blniku\"}]}]}<\/script>\n<!-- \/ Yoast SEO plugin. -->","yoast_head_json":{"title":"O My\u015blniku - My\u015blnik Klerycki","robots":{"index":"index","follow":"follow","max-snippet":"max-snippet:-1","max-image-preview":"max-image-preview:large","max-video-preview":"max-video-preview:-1"},"canonical":"https:\/\/wsdelblag.pl\/myslnik\/?page_id=23","og_locale":"pl_PL","og_type":"article","og_title":"O My\u015blniku - My\u015blnik Klerycki","og_description":"&nbsp; Pocz\u0105tki pisma by\u0142y bardzo skromne. My\u015blnik Klerycki by\u0142 publikowany od 1994 r. jako pismo wewn\u0105trzseminaryjne. Pierwsze trzy numery by\u0142y wydawane w wi\u0119kszym formacie. Dopiero od 4 numeru, wydanego jako numer na inauguracje roku akademickiego 1995\/1996 przyj\u0119to format zeszytowy A5 i do tego formatu przez ostatnich kilka lat mogli\u015bmy przywykn\u0105\u0107. [&hellip;]","og_url":"https:\/\/wsdelblag.pl\/myslnik\/?page_id=23","og_site_name":"My\u015blnik Klerycki","article_modified_time":"2016-03-13T15:27:07+00:00","og_image":[{"url":"http:\/\/wsdelblag.pl\/myslnik\/wp-content\/uploads\/2014\/09\/logo_pod_spodem_kolor-2-300x100.png"}],"twitter_card":"summary","twitter_misc":{"Szacowany czas czytania":"2 minuty"},"schema":{"@context":"https:\/\/schema.org","@graph":[{"@type":"WebSite","@id":"https:\/\/wsdelblag.pl\/myslnik\/#website","url":"https:\/\/wsdelblag.pl\/myslnik\/","name":"My\u015blnik Klerycki","description":"Pismo alumn\u00f3w Wy\u017cszego Seminarium Duchownego w Elbl\u0105gu","potentialAction":[{"@type":"SearchAction","target":{"@type":"EntryPoint","urlTemplate":"https:\/\/wsdelblag.pl\/myslnik\/?s={search_term_string}"},"query-input":"required name=search_term_string"}],"inLanguage":"pl-PL"},{"@type":"ImageObject","@id":"https:\/\/wsdelblag.pl\/myslnik\/?page_id=23#primaryimage","inLanguage":"pl-PL","url":"http:\/\/wsdelblag.pl\/myslnik\/wp-content\/uploads\/2014\/09\/logo_pod_spodem_kolor-2-300x100.png","contentUrl":"http:\/\/wsdelblag.pl\/myslnik\/wp-content\/uploads\/2014\/09\/logo_pod_spodem_kolor-2-300x100.png"},{"@type":"WebPage","@id":"https:\/\/wsdelblag.pl\/myslnik\/?page_id=23#webpage","url":"https:\/\/wsdelblag.pl\/myslnik\/?page_id=23","name":"O My\u015blniku - My\u015blnik Klerycki","isPartOf":{"@id":"https:\/\/wsdelblag.pl\/myslnik\/#website"},"primaryImageOfPage":{"@id":"https:\/\/wsdelblag.pl\/myslnik\/?page_id=23#primaryimage"},"datePublished":"2014-09-09T14:17:41+00:00","dateModified":"2016-03-13T15:27:07+00:00","breadcrumb":{"@id":"https:\/\/wsdelblag.pl\/myslnik\/?page_id=23#breadcrumb"},"inLanguage":"pl-PL","potentialAction":[{"@type":"ReadAction","target":["https:\/\/wsdelblag.pl\/myslnik\/?page_id=23"]}]},{"@type":"BreadcrumbList","@id":"https:\/\/wsdelblag.pl\/myslnik\/?page_id=23#breadcrumb","itemListElement":[{"@type":"ListItem","position":1,"name":"Strona g\u0142\u00f3wna","item":"https:\/\/wsdelblag.pl\/myslnik"},{"@type":"ListItem","position":2,"name":"O My\u015blniku"}]}]}},"featured_image_src":null,"featured_image_src_square":null,"uagb_featured_image_src":{"full":false,"thumbnail":false,"medium":false,"medium_large":false,"large":false,"1536x1536":false,"2048x2048":false,"ab-block-post-grid-landscape":false,"ab-block-post-grid-square":false,"hestia-blog":false},"uagb_author_info":{"display_name":"admin","author_link":"https:\/\/wsdelblag.pl\/myslnik\/?author=1"},"uagb_comment_info":0,"uagb_excerpt":"&nbsp; Pocz\u0105tki pisma by\u0142y bardzo skromne. My\u015blnik Klerycki by\u0142 publikowany od 1994 r. jako pismo wewn\u0105trzseminaryjne. Pierwsze trzy numery by\u0142y wydawane w wi\u0119kszym formacie. Dopiero od 4 numeru, wydanego jako numer na inauguracje roku akademickiego 1995\/1996 przyj\u0119to format zeszytowy A5 i do tego formatu przez ostatnich kilka lat mogli\u015bmy przywykn\u0105\u0107. [&hellip;]","_links":{"self":[{"href":"https:\/\/wsdelblag.pl\/myslnik\/index.php?rest_route=\/wp\/v2\/pages\/23"}],"collection":[{"href":"https:\/\/wsdelblag.pl\/myslnik\/index.php?rest_route=\/wp\/v2\/pages"}],"about":[{"href":"https:\/\/wsdelblag.pl\/myslnik\/index.php?rest_route=\/wp\/v2\/types\/page"}],"author":[{"embeddable":true,"href":"https:\/\/wsdelblag.pl\/myslnik\/index.php?rest_route=\/wp\/v2\/users\/1"}],"replies":[{"embeddable":true,"href":"https:\/\/wsdelblag.pl\/myslnik\/index.php?rest_route=%2Fwp%2Fv2%2Fcomments&post=23"}],"version-history":[{"count":5,"href":"https:\/\/wsdelblag.pl\/myslnik\/index.php?rest_route=\/wp\/v2\/pages\/23\/revisions"}],"predecessor-version":[{"id":180,"href":"https:\/\/wsdelblag.pl\/myslnik\/index.php?rest_route=\/wp\/v2\/pages\/23\/revisions\/180"}],"wp:attachment":[{"href":"https:\/\/wsdelblag.pl\/myslnik\/index.php?rest_route=%2Fwp%2Fv2%2Fmedia&parent=23"}],"curies":[{"name":"wp","href":"https:\/\/api.w.org\/{rel}","templated":true}]}}